be 57 + (-3)/((-6)/n). What is the highest common divisor of r and 5?
5
Suppose -2*v - 4*i = -80, 2*i - 176 = -5*v - 2*i. Let n(x) = x**2 - 9*x + 12. Let k be n(8). What is the greatest common factor of k and v?
4
Let f = -149 + 241. Calculate the greatest common divisor of f and 23.
23
Suppose -11 - 31 = -2*t. What is the greatest common divisor of 63 and t?
21
Suppose -3 = 3*n - 6. What is the greatest common factor of n and 1?
1
Let z = -16 - -16. Suppose z*c + c - 4 = 0. Calculate the highest common factor of 16 and c.
4
Let y(i) = 4*i**2. Let u be y(2). Suppose 6*l = 2*l - u, -3*l + 36 = 4*z. Suppose 2*j = j + z. Calculate the highest common factor of j and 6.
6
Let y(f) = -3*f - f + f. Let q be y(-8). Calculate the highest common factor of q and 8.
8
Let f(i) = i**3 - 4*i**2 + 4*i + 1. Let r be f(3). Suppose 5*b + 1 = r*b, -4*l = b - 59. Let t = l - 9. Calculate the highest common factor of 6 and t.
6
Suppose 4*p = 5*p + c - 66, -226 = -3*p + 4*c. Suppose -2*d = -0*d - p. What is the highest common factor of d and 5?
5
Suppose -10*a + 5*a = -560. Suppose 34 = 2*n - 2*v, n + 6 = 4*v + 32. Calculate the highest common factor of n and a.
14
Suppose 4*v = 10 - 2. Let m = 4 + -3. Let n be m/v - 70/(-4). What is the greatest common factor of 9 and n?
9
Let b(x) = x**2 + 7*x + 2. Let c be b(-7). Suppose -c*t = -37 - 93. Calculate the highest common factor of 13 and t.
13
Suppose 2*p + 23 = 3. Let k = p + 11. Calculate the greatest common divisor of 11 and k.
1
Let c(k) = -7*k - 7. Let d be c(-6). Suppose o - 5 = 0, 3*o + o = p + 13. What is the highest common factor of p and d?
7
Suppose 4*o - 10 - 6 = 0. Suppose 2*u + 41 = 2*d + 5*u, 2*u - 18 = -d. What is the highest common divisor of o and d?
4
Let c be 3292/20 - 2/(-5). What is the greatest common factor of c and 33?
33
Suppose 0 = 2*n - 0*n - 20. Suppose 0 = 4*o + 7*o - 330. Calculate the highest common factor of n and o.
10
Let f = 3 + -1. Suppose 0 = -h + f*h - 44. Let l = -69 - -80. What is the highest common factor of h and l?
11
Let i be (4/(-3))/(20/(-45)). What is the highest common divisor of i and 33?
3
Let m = -128 - -141. Calculate the greatest common divisor of 26 and m.
13
Suppose 2*p = 4*p - 200. Let b be 33 - (-13 + 9 + -3). Calculate the greatest common factor of b and p.
20
Suppose 3*h = -0*h + 108. Let w = 56 - h. Calculate the highest common divisor of 30 and w.
10
Let a(x) = x**2 - 4*x + 1. Let v be a(5). Let q be -68*(-2 + v/4). Calculate the greatest common factor of 51 and q.
17
Let d(w) = 2*w. Let b(u) = u - u - u + 0. Let o(m) = -3*b(m) - 2*d(m). Let h be o(-4). What is the greatest common factor of 40 and h?
4
Let q(z) = 35*z**3 - 5*z**2 + 3*z + 4. Let m be q(2). Calculate the greatest common factor of 30 and m.
30
Suppose 0 = x - 150 - 102. What is the highest common factor of 28 and x?
28
Let l = 32 - 22. Let i be (1 - -59)*l/15. Let r(a) = -a**3 + 6*a**2 + a - 1. Let o be r(6). Calculate the highest common factor of i and o.
5
Let a(o) = o**3 + 7*o**2 + 4*o - 3. Let k be a(-6). What is the greatest common factor of k and 6?
3
Let r be 102*((-1)/2 - (-5 + 4)). Let p = 28 - 11. Calculate the highest common factor of p and r.
17
Suppose -3*k + 504 = k - 4*i, -4*i = -8. Suppose -97 = -5*m + k. What is the greatest common factor of m and 5?
5
Suppose 0 = -4*k + 5*x + 29, 3*k - x - 11 = 8. Suppose 3*f - k*m - 188 = -2*m, 2*f - m = 122. Calculate the greatest common factor of 15 and f.
15
Suppose 5 = -u + 4. Let i be (782/(-85))/(u/5). Calculate the greatest common factor of i and 115.
23
Suppose 5*t + 196 - 1316 = 0. Suppose 0 = -4*u - 0*u + t. Calculate the highest common factor of u and 8.
8
Suppose 0 = 4*y - 0*l - 4*l, 0 = -4*y + 2*l. Suppose -5*t + 110 = -y*t. What is the highest common factor of t and 11?
11
Suppose 9*a = 4*a + 480. Let t(n) = n**2 - 3*n - 2. Let s be t(4). Suppose -3 = 3*x, 3*f + 2*x = -s*f + 58. Calculate the greatest common divisor of f and a.
12
Suppose 1585 = 10*x + 465. What is the greatest common divisor of x and 16?
16
Suppose -u = -5*n - 4*u + 21, -4*u - 12 = 0. What is the highest common divisor of 8 and n?
2
Suppose -4*b = a - 6*a + 48, 0 = b + 2. What is the greatest common factor of a and 12?
4
Suppose -5*p - 2*i + 685 = 0, -4*i = -2*p - 115 + 365. Suppose 9*v - 4*v - p = 0. Calculate the greatest common divisor of v and 3.
3
Let j = 69 - -99. Let x be (6/(-4))/((-9)/j). Let i = x + -14. Calculate the highest common divisor of i and 14.
14
Let z(a) = -a**3 + 25*a**2 - 24*a + 21. Let p be z(24). Calculate the highest common factor of 63 and p.
21
Suppose 4*s - 34 = w, -38 - 2 = -4*s + 4*w. Let a(d) = d**2 + 5*d - 6. Let k be a(-7). Calculate the greatest common divisor of k and s.
8
Let q = 4 + 1. Let a(z) = -z**2 + 7*z - 2. Let b be a(q). Calculate the greatest common divisor of b and 4.
4
Suppose -188 = -2*m + m. Let y = m + -118. What is the highest common divisor of y and 28?
14
Suppose -264 = 2*v - 4*v. Let x(r) = r**3 - 3*r**2 - 6*r + 1. Let g be x(4). Let b be (-2)/g - 164/(-14). What is the greatest common divisor of b and v?
12
Suppose 4*v + 5*p = 653, -v - 4*p + 213 = 47. Calculate the highest common divisor of v and 18.
18
Suppose -64 = -z - 0*z. Let j(c) = c**3 + 3*c**2 - c - 3. Let i be j(-3). Suppose i = -4*h + 3*h + 16. Calculate the greatest common divisor of z and h.
16
Let o be 7 + 2/2 + -2. Let p = o + -4. Suppose -3*x + 2*x = -14. Calculate the highest common factor of p and x.
2
Suppose -x - n + 81 = -5*n, -n = 3*x - 282. What is the highest common divisor of 62 and x?
31
Suppose 0 = -60*i + 54*i + 240. Calculate the greatest common factor of 320 and i.
40
Suppose 0*g + 111 = 3*g + 3*w, -3*g - 4*w + 112 = 0. Suppose 4 = k - 0. Calculate the greatest common divisor of k and g.
4
Suppose -2*p - 3*a + 311 = 0, p = -3*a + 172 - 15. Calculate the highest common factor of 22 and p.
22
Suppose -2*s + 175 = -177. Suppose 12*p - 8*p = s. What is the highest common factor of 4 and p?
4
Let j = 7 - 19. Let w = j - -20. Let h = -49 - -105. Calculate the highest common factor of h and w.
8
Let c(d) = -2*d - 11. Suppose -4*z + 4*j - 28 = 0, 3*z - z - 5*j = -11. Let b be c(z). Calculate the highest common divisor of 5 and b.
5
Let n = -158 - -433. Suppose 8*h - 3*h = n. Let c = 17 - 12. What is the highest common factor of h and c?
5
Suppose 2*f + 0 = 8. Let a(q) = q**3 - 5*q**2 + 4*q + 4. Let r be a(f). What is the highest common divisor of 28 and r?
4
Let w be 0 - (-2)/(-2)*-5. Let v be 50*(-7)/(105/(-6)). Calculate the highest common divisor of w and v.
5
Let m be -2 + 5 + 11 + 2. Suppose -1 = g - 0*g + 3*f, 5*g = 2*f + 12. Suppose -3*v + g*v + m = 0. What is the greatest common divisor of 8 and v?
8
Suppose 0 = -2*m - 2*m - 16, 5*u - 134 = m. Calculate the greatest common divisor of u and 26.
26
Let k = 7 + 3. Suppose 2*m = 4 + k. Suppose 1 = -3*h + m. Calculate the greatest common factor of 4 and h.
2
Let s = 12 - -16. Suppose 0 = 2*c + 4 - 0. Let x(r) = 2*r**2 + 2*r + 3. Let i be x(c). Calculate the highest common factor of i and s.
7
Let z be (0 - 6)/((-2)/15). What is the greatest common divisor of 9 and z?
9
Let l = 6 + -1. Let w be (3 - l - -10) + 2. What is the greatest common divisor of 2 and w?
2
Let t = 33 - 25. Calculate the highest common divisor of 8 and t.
8
Suppose 0 = z + y - 6 - 8, -2*z + 20 = -2*y. Suppose -4*v + 4 = -z. What is the greatest common divisor of v and 6?
2
Let i = 25 - 15. Let m = 8 + i. Calculate the greatest common factor of m and 18.
18
Let o(w) = 10*w - 2. Let j = -4 + 5. Let b be o(j). Calculate the greatest common factor of 64 and b.
8
Let l be (27/(-4))/((-3)/12). Let m = 66 - l. Let d = m - 28. Calculate the greatest common factor of 88 and d.
11
Suppose c - 7 = -5*j + 2*c, 3*j + 4*c = -5. Let m(g) = -2*g - 1. Let p be m(-2). Calculate the greatest common factor of j and p.
1
Suppose -5*y = 2*f - 32, 0 = 5*f - 5*y - 142 + 27. Suppose -m + f - 3 = -t, 0 = -2*m + 3*t + 38. What is the greatest common divisor of 16 and m?
16
Let h = 60 - 59. What is the highest common factor of 9 and h?
1
Let w(r) = 7*r - 1. Let s be w(5). Calculate the highest common factor of 85 and s.
17
Suppose 32 + 97 = 3*y. Let n = -6 - -8. Suppose -4*x = z - 3 - y, z = -n*x + 22. What is the greatest common d